factor of 1778?
False
Is 44 a factor of 7905?
False
Does 7 divide 373?
False
Is 73270 a multiple of 17?
True
Does 2 divide 554?
True
Is 870 a multiple of 87?
True
Does 21 divide 7157?
False
Does 38 divide 1188?
False
Is 27656 a multiple of 87?
False
Does 79 divide 24340?
False
Is 10 a factor of 3981?
False
Is 18711 a multiple of 238?
False
Does 6 divide 306?
True
Is 57 a factor of 5700?
True
Is 14 a factor of 4028?
False
Is 2849 a multiple of 9?
False
Is 60 a multiple of 2?
True
Is 11 a factor of 2750?
True
Does 54 divide 4153?
False
Is 15 a factor of 570?
True
Does 6 divide 6948?
True
Is 31 a factor of 1126?
False
Does 130 divide 898?
False
Is 3 a factor of 846?
True
Is 26273 a multiple of 13?
True
Does 21 divide 483?
True
Does 21 divide 681?
False
Is 26 a factor of 2097?
False
Is 9 a factor of 5904?
True
Is 14418 a multiple of 107?
False
Is 304 a multiple of 16?
True
Is 66 a factor of 10098?
True
Is 19 a factor of 2280?
True
Does 18 divide 19746?
True
Is 37 a factor of 3215?
False
Does 63 divide 1277?
False
Is 50176 a multiple of 112?
True
Does 19 divide 6555?
True
Is 199 a factor of 62490?
False
Is 39 a factor of 5611?
False
Does 168 divide 3536?
False
Is 14 a factor of 1068?
False
Is 1322 a multiple of 23?
False
Does 3 divide 459?
True
Is 9141 a multiple of 14?
False
Is 1966 a multiple of 4?
False
Does 7 divide 5536?
False
Is 3102 a multiple of 66?
True
Is 7196 a multiple of 66?
False
Is 26 a factor of 598?
True
Does 12 divide 26448?
True
Is 174 a factor of 7241?
False
Is 22 a factor of 31044?
False
Does 48 divide 71616?
True
Is 48 a factor of 5818?
False
Is 61 a factor of 35746?
True
Does 49 divide 36510?
False
Does 36 divide 7890?
False
Does 11 divide 979?
True
Is 6618 a multiple of 204?
False
Is 14 a factor of 31584?
True
Is 16110 a multiple of 4?
False
Is 10 a factor of 920?
True
Is 14 a factor of 3192?
True
Is 1746 a multiple of 9?
True
Is 15 a factor of 1050?
True
Is 1258 a multiple of 46?
False
Does 8 divide 2688?
True
Is 4264 a multiple of 16?
False
Is 296 even?
True
Does 76 divide 8513?
False
Is 3246 a multiple of 10?
False
Is 1055 a multiple of 109?
False
Is 145 a factor of 2175?
True
Does 7 divide 98?
True
Is 12 a factor of 9063?
False
Does 11 divide 3839?
True
Does 8 divide 16056?
True
Is 124 a factor of 60512?
True
Is 10092 a multiple of 13?
False
Does 9 divide 1764?
True
Is 22 a factor of 792?
True
Is 1192 a multiple of 32?
False
Does 22 divide 2288?
True
Is 1837 a multiple of 15?
False
Is 12 a factor of 11893?
False
Is 5 a factor of 5?
True
Is 3025 a multiple of 25?
True
Is 39 a factor of 3511?
False
Does 78 divide 1638?
True
Is 42834 a multiple of 121?
True
Does 9 divide 8192?
False
Does 16 divide 1199?
False
Does 77 divide 3259?
False
Is 2788 a multiple of 41?
True
Is 65 a factor of 6473?
False
Does 2 divide 13048?
True
Is 2087 a multiple of 32?
False
Does 61 divide 883?
False
Does 2 divide 671?
False
Is 1224 a multiple of 3?
True
Does 95 divide 1724?
False
Is 62 a factor of 7079?
False
Is 35620 a multiple of 130?
True
Is 264 a multiple of 10?
False
Is 7340 a multiple of 20?
True
Is 4746 a multiple of 54?
False
Is 9 a factor of 50382?
True
Is 13254 a multiple of 7?
False
Is 226 a factor of 90327?
False
Is 3 a factor of 5064?
True
Is 48051 a multiple of 171?
True
Is 492 a multiple of 12?
True
Is 8 a factor of 3801?
False
Does 10 divide 597?
False
Is 397 a multiple of 8?
False
Does 22 divide 1188?
True
Is 25 a factor of 61507?
False
Is 102 a factor of 8262?
True
Is 2172 a multiple of 14?
False
Is 612 a multiple of 102?
True
Is 1368 a multiple of 15?
False
Is 25816 a multiple of 34?
False
Does 11 divide 243?
False
Does 8 divide 152?
True
Is 16350 a multiple of 19?
False
Is 84 a multiple of 36?
False
Is 35556 a multiple of 3?
True
Is 1634 a multiple of 19?
True
Does 2 divide 10?
True
Is 803 a multiple of 25?
False
Is 3015 a multiple of 24?
False
Does 31 divide 372?
True
Is 40292 a multiple of 13?
False
Is 455 a multiple of 5?
True
Is 30 a factor of 1273?
False
Is 7755 a multiple of 10?
False
Is 14 a factor of 2044?
True
Is 78 a factor of 5148?
True
Is 39997 a multiple of 37?
True
Is 9391 a multiple of 18?
False
Is 3040 a multiple of 76?
True
Is 492 a multiple of 3?
True
Is 234 a multiple of 9?
True
Is 14 a factor of 4819?
False
Does 96 divide 2016?
True
Does 10 divide 3990?
True
Is 66 a factor of 16434?
True
Does 165 divide 2310?
True
Is 28639 a multiple of 13?
True
Is 16 a factor of 704?
True
Is 21079 a multiple of 64?
False
Is 56 a factor of 3360?
True
Is 22320 a multiple of 240?
True
Is 14 a factor of 1873?
False
Does 9 divide 990?
True
Is 23424 a multiple of 24?
True
Is 17565 a multiple of 15?
True
Is 20 a factor of 3546?
False
Does 32 divide 6464?
True
Is 29 a multiple of 29?
True
Is 7896 a multiple of 12?
True
Does 118 divide 117345?
False
Is 32 a multiple of 16?
True
Does 8 divide 31935?
False
Does 61 divide 7320?
True
Is 4304 a multiple of 41?
False
Does 7 divide 287?
True
Does 11 divide 14968?
False
Is 337 a multiple of 13?
False
Is 51 a factor of 7964?
False
Is 43407 a multiple of 13?
True
Is 16 a factor of 30880?
True
Does 178 divide 23318?
True
Is 1342 a multiple of 11?
True
Is 90324 a multiple of 39?
True
Is 24 a factor of 48?
True
Does 3 divide 24?
True
Is 1008 a multiple of 63?
True
Does 28 divide 16558?
False
Is 201 a factor of 21333?
False
Is 756 a multiple of 18?
True
Is 607 a multiple of 15?
False
Is 9 a factor of 2907?
True
Is 32 a factor of 9734?
False
Does 49 divide 23128?
True
Is 15 a factor of 3082?
False
Is 13 a factor of 1358?
False
Is 75 a multiple of 2?
False
Does 70 divide 1400?
True
Is 17 a factor of 1547?
True
Is 6 a factor of 5377?
False
Is 30691 a multiple of 169?
False
Is 21 a factor of 78533?
False
Is 540 a multiple of 18?
True
Is 3096 a multiple of 24?
True
Does 142 divide 5079?
False
Is 17 a factor of 273?
False
Is 27 a factor of 4945?
False
Does 72 divide 73800?
True
Is 113 a factor of 44259?
False
Is 527 a multiple of 17?
True
Is 16410 a multiple of 15?
True
Is 31 a factor of 6727?
True
Is 6056 a multiple of 19?
False
Is 3103 a multiple of 39?
False
Is 5 a factor of 215?
True
Does 13 divide 2043?
False
Does 119 divide 2903?
False
Is 54025 a multiple of 25?
True
Is 10 a factor of 144?
False
Is 66 a factor of 726?
True
Is 786 a multiple of 6?
True
Is 9770 a multiple of 17?
False
Is 230 even?
True
Is 8 a factor of 320?
True
Is 21072 a multiple of 125?
False
Does 21 divide 2638?
False
Is 6948 a multiple of 18?
True
Is 43 a factor of 83085?
False
Is 63 a factor of 71503?
False
Is 346 a factor of 21101?
False
Is 29 a factor of 656?
False
Does 82 divide 584?
False
Is 6024 a multiple of 96?
False
Is 3330 a multiple of 153?
False
Is 7 a factor of 154?
True
Does 99 divide 5614?
False
Is 12989 a multiple of 9?
False
Is 7 a factor of 2503?
False
Does 16 divide 123681?
False
Is 16 a factor of 2304?
True
Is 102 a factor of 731?
False
Is 28998 a multiple of 27?
True
Is 150 a multiple of 15?
True
Is 4835 a multiple of 10?
False
Does 17 divide 676?
False
Is 2515 a multiple of 110?
False
Is 11 a factor of 99?
True
Is 17472 a multiple of 21?
True
Does 2 divide 65?
False
Is 6480 a multiple of 45?
True
Is 51 a factor of 402?
False
Is 29 a factor of 69252?
True
Is 1096 a multiple of 20?
False
Is 12103 a multiple of 19?
True
Is 42 a factor of 966?
True
Is 11 a factor of 446?
False
Is 62560 a multiple of 68?
True
Is 12 a factor of 492?
True
Is 24194 a multiple of 27?
False
Does 46 divide 276?
True
Does 30 divide 420?
True
Does 68 divide 22755?
False
Is 22 a factor of 4984?
False
Is 9 a factor of 414?
True
Is 3 a factor of 164?
False
Does 12 divide 288?
True
Is 8 a factor of 254?
False
Is 3338 a multiple of 9?
False
Is 10 a factor of 1448?
False
Does 41 divide 379?
False
Is 33 a factor of 131?
False
Is 30 a factor of 238?
False
Is 689 a multiple of 53?
True
Is 3 a factor of 457?
False
Does 4 divide 5704?
True
Is 2912 a multiple of 26?
True
Is 7 a factor of 623?
True
Does 50 divide 600?
True
Is 9 a factor of 1128?
False
Does 15 divide 975?
True
Is 23 a factor of 5308?
False
Does 26 divide 8034?
True
Is 330 a multiple of 6?
True
Is 8012 a multiple of 7?
False
Is 26 a multiple of 26?
True
Is 5 a factor of 1559?
False
Is 280 a multiple of 166?
False
Is 18791 a multiple of 9?
False
Is 12 a factor of 2696?
False
I